ghest common divisor of n and 9?
9
Let x = 1428 - 1414. Let k be -2*2/(2/1). Let g be (k*-7*3)/1. What is the highest common divisor of x and g?
14
Let i = -92 + 97. Suppose 4*x + 96 = -0*r + i*r, -3*x + 4 = r. What is the highest common divisor of 16 and r?
16
Let b = -83 - -84. Let m be b/1 - (3 + -3 + 0). Suppose -5*d - 2*p = -43, d - 3*p - 30 = -2*d. Calculate the greatest common divisor of m and d.
1
Let s(i) = -14*i + 48. Let k be s(-14). Suppose 2*c - o = 188, -5*c + 256 = 5*o - k. Calculate the highest common divisor of 12 and c.
12
Let n = 199 + -138. Suppose 0 = 4*z - 27 - n. Calculate the greatest common divisor of z and 22.
22
Let a = 241 - 204. What is the highest common factor of a and 925?
37
Suppose 27*s = 450 - 99. Calculate the highest common factor of s and 65.
13
Let w = 57 + 342. Calculate the greatest common divisor of 21 and w.
21
Let i(l) = -3*l**2 + 129*l + 11. Let u be i(43). Let m = 5 - -50. Calculate the greatest common divisor of m and u.
11
Suppose 2*f - f - 4*n = -6, 4*n - 16 = 0. Suppose s - f = 2. Calculate the highest common divisor of 30 and s.
6
Let j(y) = -5*y**3 - 2*y**2 + 1. Let p be j(-1). Suppose -p*t + 6*t = 10. Calculate the greatest common factor of t and 20.
5
Suppose -2*u - 9*j = -12*j - 24, 5*u + 2*j = 98. Let b be (84/u*-3)/(-1). Calculate the highest common divisor of b and 266.
14
Let t(a) = a**3 + 2*a**2 - 2*a + 3. Let y be t(-3). Suppose 2*k + 2 + y = 0. Let n be ((-3)/(-6))/(k/(-8)). Calculate the greatest common factor of n and 2.
2
Let y = -9 - -17. Suppose y*n - 204 = -44. What is the highest common factor of n and 60?
20
Let c(j) = -j**3 - 16*j**2 + 19*j + 55. Let g be c(-17). What is the greatest common factor of 27 and g?
3
Let f be 23 + 4/(2 - -2). Suppose -11*m - 24 = -17*m. What is the greatest common divisor of f and m?
4
Let c be 270/3*(14/10 - 1). Calculate the greatest common divisor of 48 and c.
12
Let k = 115 - 15. Let d be (k/(-75))/((-4)/30). What is the highest common factor of d and 15?
5
Let r(d) = d**3 - 12*d**2 + 13*d + 8. Let v be r(11). Let j = 26 - v. Let y be ((-2)/j)/(8/960). Calculate the highest common divisor of y and 40.
20
Let g be -6*2/((-4)/14). Suppose -2*t + 4*t = 156. Suppose -8*z - t = -302. Calculate the greatest common factor of g and z.
14
Suppose -3*j = 3*r - 29 - 4, -5*j = -5. Suppose 0 = 5*c - r*c + 65. What is the highest common divisor of 91 and c?
13
Let v = 32 + -25. Let o be (v + -1)*(-10)/(-10). Let x = -8 - -11. Calculate the highest common factor of x and o.
3
Suppose -10*t + 2553 - 403 = 0. What is the greatest common factor of 5 and t?
5
Let j = 2 - -7. Let l(n) = n**2 - 11*n + 38. Let q be l(6). Let z = j - q. What is the highest common divisor of 5 and z?
1
Let o be (2/(-4))/(11/1276*-2). Suppose 4*z = d - 41, -4*z - 4 = 8. What is the highest common divisor of o and d?
29
Let d = -316 + 804. What is the highest common factor of d and 8?
8
Let n(k) = k**3 - 28*k**2 + 28*k - 19. Let h be n(27). What is the highest common divisor of 64 and h?
8
Suppose 4*o - 3*h + 71 = 8*o, 4*o + 5*h = 73. Let r be ((-240)/(-56))/5*119. Calculate the greatest common divisor of r and o.
17
Let y(t) = t**3 - t + 4. Let q be y(0). Let c be 1*18/(-24)*8/(-3). Suppose w = -2, w = c*n - 4*n. What is the highest common factor of q and n?
1
Suppose -12*l + 11*l + 32 = 0. Suppose l = -3*f + 101. What is the highest common divisor of f and 161?
23
Let y(x) = -x - 3. Suppose 5*h = 10*h + 25. Let i be y(h). Let q be ((-11)/(-33))/(i/6). Calculate the greatest common factor of q and 5.
1
Let u(q) = -q**3 - 27*q**2 + 33*q + 146. Let v be u(-28). Suppose 2*l - 196 = -2*l - 4*t, 3*l = -5*t + 149. What is the greatest common factor of v and l?
6
Let z(o) = o + 17. Let g be z(-4). Suppose d - 2*s - 169 = 0, -5*s = -d + 134 + 35. What is the greatest common divisor of d and g?
13
Suppose c + 0*c - 135 = -5*l, 0 = 3*c - l - 421. Calculate the highest common factor of 20 and c.
20
Let j(b) = 141*b + 206. Let v be j(15). What is the greatest common divisor of 11 and v?
11
Let x = 347 - 187. Calculate the highest common factor of 10 and x.
10
Suppose 16 = 3*u - 0*u - 2*c, -5*c = -5*u + 35. Suppose -2*n - u = -6. Suppose -n*r = -r - 165. What is the greatest common divisor of 15 and r?
15
Let n(z) = 8*z**2 + 145*z - 5. Let h be n(-19). Suppose -20 = 4*g, -4*c = 5*g - 0*g - 39. What is the highest common divisor of h and c?
16
Let x(d) be the first derivative of 19*d**3/3 - d**2/2 - 8. Let c be x(-5). Suppose 0*u = 3*u - c. What is the greatest common divisor of u and 20?
20
Let m be 176 + (-2 - -8)*1. Let k(s) = -s**3 + 5*s**2 + 4*s - 4. Let p be k(3). Calculate the highest common factor of m and p.
26
Suppose 5*k + 2*n = 2641, -k = 4*n + 97 - 636. What is the highest common factor of k and 17?
17
Let y(a) = 3*a**3 - 61*a**2 + 34*a + 56. Let p be y(20). What is the greatest common factor of 105 and p?
21
Let f be ((-2555)/21 - -5)*6/(-5). Calculate the highest common divisor of 160 and f.
20
Suppose -3*p = -5*p - 3*m + 25, 4*p + 5*m = 45. Let x = -386 + 516. What is the greatest common factor of x and p?
5
Let n = -47 + 101. Let u be 48/10*((-406)/(-28) - 7). Calculate the highest common factor of u and n.
18
Let x(j) = 10*j - j - j**3 + 10*j + 7*j**2 + 5. Let z be x(9). Calculate the greatest common factor of z and 154.
14
Let r(b) be the second derivative of 43*b**4/12 - 2*b**3/3 - 2*b**2 + 8*b. Let k be r(-2). What is the greatest common divisor of 22 and k?
22
Suppose 10*g - 453 = 3967. What is the greatest common divisor of 51 and g?
17
Let n(f) = -42*f + 3 + 31*f - 110*f. Let u be n(3). Let r = u + 513. What is the highest common divisor of 17 and r?
17
Let b(h) = -h + 29. Let q be b(0). Let s(o) = 11*o**2 + 22*o + 38. Let x be s(-5). Calculate the greatest common factor of q and x.
29
Let b(r) = r**3 + 7*r**2 + 9*r + 2. Let y(x) = -x**2 + 6*x - 9. Let h be y(5). Let k be b(h). Calculate the greatest common divisor of 154 and k.
14
Let c = -277 - -541. Suppose 2*d - c = -2*o, -o + d + 53 + 71 = 0. Let t be (-1 + 0 - 1) + 18. Calculate the greatest common factor of o and t.
16
Suppose 5*m - 2*h - 54 = 0, -6*h + 2*h = -4*m + 48. Suppose 3*c - m = -2*c. Calculate the highest common factor of c and 5.
1
Suppose 2*f = -6, 2*k = -3*f + 8 + 47. What is the greatest common divisor of 72 and k?
8
Let z = 3018 + -2142. Calculate the highest common divisor of z and 12.
12
Suppose -k - 20 = d, -2*k - 46 = 4*d - 5*d. Let b be (-42)/231 - 158/k. What is the greatest common divisor of b and 63?
7
Let n be (40/2)/((-2)/(-5)). Suppose l = 4*i - 83, 5*l - 5 = i - 2*i. Calculate the greatest common divisor of i and n.
10
Let w be ((-36)/14)/(30/(-140)). Let x be 6*(-4 - (-58)/w). Calculate the highest common factor of x and 10.
5
Let u(s) = 10*s - 6. Let q be u(6). Let m(y) = q*y - 1 - y + 4*y. Let l be m(1). What is the greatest common factor of 8 and l?
8
Suppose 0*g - 2*g + t + 1 = 0, 0 = -5*g - t - 15. Let k be (-26)/8*8/g. What is the greatest common divisor of 117 and k?
13
Let q(g) = g**2 + 11*g + 4. Let s be (-238)/21 - 2/(-6). Let f be q(s). Suppose 0*p + 440 = f*p. Calculate the greatest common factor of 10 and p.
10
Let j be (-16*6/(-20))/(1152/49920). Calculate the greatest common divisor of j and 13.
13
Let s = 1219 - 1215. What is the highest common factor of s and 388?
4
Let j(w) = w**2 + 6*w - 3. Let d be j(2). Let z be 999/d + 28/182. Calculate the highest common factor of z and 33.
11
Suppose a - 4*a = 4*n + 6, -a + 11 = -3*n. Suppose 162 = y - a*x, x = -2*y + 2*x + 324. Calculate the highest common factor of y and 18.
18
Let p(a) = -a**2 + 4*a + 6. Let h be p(5). Let k be 11/(44/160) + -1 + h. Calculate the greatest common divisor of k and 16.
8
Let x = -21 + 26. Suppose -x*k + 37 = 2*i, -k + 5*i + 2 = -0*k. Suppose 3*m + k = 37. Calculate the highest common divisor of 15 and m.
5
Suppose -2*j = j - 3, -j = 3*u - 508. Let s = u - 87. Calculate the greatest common factor of s and 205.
41
Let f = 204 + -105. Let b be 198/(-4)*20/(-30). What is the highest common divisor of b and f?
33
Let d(f) be the first derivative of -39/2*f**2 + 2*f - 3. Let r be d(-2). Calculate the highest common factor of 16 and r.
16
Let y = -3 + 9. Let o = -14 + 20. What is the highest common d